 Calculate t(6).
26
Let l(c) be the second derivative of c**5/20 - 11*c**4/12 - 4*c**3/3 - 41*c**2/2 + 4200*c. Give l(12).
7
Let k(g) be the third derivative of g**6/360 - g**5/10 + 7*g**4/12 - 17*g**3/2 + 9*g**2 + 2*g. Let m(n) be the first derivative of k(n). What is m(10)?
-6
Let o(f) = -3*f**3 - 8*f**2 - 6*f + 6. Let b be o(-2). Let k(y) = -y**3 + 10*y**2 + y - 4. Calculate k(b).
6
Let q(w) = -2*w + 6. Let i(k) = 1. Let b(y) = 4*i(y) - q(y). Suppose 5*z - 40 = 31*l - 36*l, 2*l = -z + 16. Give b(l).
14
Let k(z) = -z + 13. Let y(l) = l**3 + 10*l**2 + 14*l - 10. Let w be y(-8). Suppose 0 = 4*x - 3*i + w, 6*x = 2*x + 5*i - 10. Determine k(x).
13
Let n(m) = 11*m**2 - 15*m - 22. Let y be n(-1). Let w(i) = 23*i - 22. Give w(y).
70
Let m = -41 + 49. Suppose 2*z - m*z - 36 = 0. Let v(p) = p**2 + 8*p + 9. What is v(z)?
-3
Let d(g) = -g + 3. Let r be d(1). Suppose -5*y = -4*k - k + 195, -5*y = r*k - 92. Let x = k + -42. Let a(w) = -8*w + 1. Calculate a(x).
9
Let k(r) = -r**2 - 2*r**2 + 3 + 3*r + 2*r**2. Let z be (12/42)/(((-57)/(-190))/(105/(-25))). Calculate k(z).
-25
Let u(i) be the second derivative of i**4/12 - 25*i**3/6 - 123*i**2/2 - 22*i - 35. What is u(-4)?
-7
Let u(d) = -1 + 18*d**2 + 2*d + 6*d**2 + 8*d**2 + 28*d**2. Calculate u(1).
61
Let d(m) = 5 + 4 - 5*m**2 - 6*m**3 - 3 + 5 + 6*m. Suppose 4*u = -6 + 14. Let x(b) = -b**3 - b**2 + b + 2. Let i(j) = u*d(j) - 11*x(j). Give i(0).
0
Let z = -14 + 34. Suppose -8*m = -3*m + z. Let x(w) = -w**3 - 5*w**2 - w + 4. Calculate x(m).
-8
Let z(d) = 2*d**3 + 41*d**2 + 13*d - 156. Let x be z(-20). Let b(w) = 8*w + 66. Give b(x).
-62
Let r(h) = -h + 44. Suppose -4*u + k = 58, 3*u = 4*u + 5*k + 46. Give r(u).
60
Let x(v) = 332*v + 2. Let t(j) = 666*j + 4. Let l(q) = -t(q) + 2*x(q). Let c = -8 + 6. What is l(c)?
4
Let t(f) be the third derivative of f**5/60 + 3*f**4/4 + 21*f**3/2 - 1800*f**2. Give t(-13).
-2
Suppose -32*d - 19*d = -55*d + 36. Let x(p) = -p**3 + 9*p**2 + 15*p + 7. Calculate x(d).
142
Let p = -12672 + 12673. Let m(s) = 10*s + s + 4*s. Determine m(p).
15
Suppose -a = 5*b + 15, -2*b = -7*a + 2*a + 6. Let s be (a - (-305)/(-45)) + 4/(-18). Let l(u) = u**2 + 7*u - 1. Calculate l(s).
-1
Let f = 26 - 18. Suppose 0 = 2*y + 12 - f. Let m be -1 - (y - -3) - 3. Let l(j) = -j - 4. Calculate l(m).
1
Let s(x) be the third derivative of -69*x**2 + 1/60*x**5 - 1/24*x**4 + 0 + 0*x + 1/6*x**3. What is s(3)?
7
Let f(s) = -s - 10. Suppose -5*b - 25 = -2*a, -5*b - 5*a = -0*b + 25. Suppose 8 = -2*p - 5*v + 4*v, v - 8 = 2*p. Let d = p + b. Determine f(d).
-1
Let t = 6 - 2. Let v(z) = 2*z**2 + 0*z**2 + 9559 - 9565 - 6*z + 13*z - z**3. Determine v(t).
-10
Let m be 5 - (0/(-3) + 5). Suppose m = -3*g + 5*g + 10. Let w(h) be the first derivative of h**3/3 + 3*h**2 + 5*h - 1. Determine w(g).
0
Let r = -8530 - -8535. Let q(t) = 12*t + 9. What is q(r)?
69
Let l be ((-20)/(-14))/((54/84)/9). Suppose -13*q + 9*q - 4*a + 40 = 0, -l = -5*a. Let w(c) = -c**2 + 4*c + 5. Give w(q).
-7
Let w(o) be the third derivative of -o**6/60 + 7*o**5/20 - o**4/3 - o**3/3 + 1110*o**2. What is w(10)?
18
Suppose 106 = i + 2*z + 3*z, -3*i + 368 = 5*z. Let s = 129 - i. Let h(k) = 2*k**3 + 3*k**2 + k - 1. Determine h(s).
-7
Suppose -3*j + 8*j = 620. Suppose 129*v - j*v + 25 = 0. Let x(s) = 4 + 3*s**2 + 0*s**3 - 8*s**2 - s**3. Determine x(v).
4
Suppose -269*k + 263*k + 2*l = -20, 45 = 5*k + 4*l. Let r(b) = 3*b**2 - 79. What is r(k)?
-4
Let p = -360 - -373. Let f be (-7)/(-3) - p/(273/(-14)). Let w(v) be the third derivative of v**6/120 - v**5/15 + v**4/8 + v**3/6 + 2*v**2. Calculate w(f).
1
Let s = -3658 - -3663. Let a(t) = -17*t - 4. What is a(s)?
-89
Let y(j) = -28*j**2 + 29*j + 3. Let w(t) = -33*t**2 + 33*t + 4. Let n(a) = -5*w(a) + 6*y(a). Let r(x) = -x**2 + 12*x - 8. Let u be r(11). Give n(u).
-2
Let s(r) = -5*r + 75. Let w(n) = 24. Let b(m) = s(m) - 2*w(m). Determine b(6).
-3
Let v(q) = 2*q**3 + 38*q**2 + 35*q - 4. Suppose -8*k = -7*k - 83*k - 1476. Calculate v(k).
14
Let a be 6/(-30) + (-48)/10. Let v(k) be the third derivative of -k**5/60 - 5*k**4/24 + k**3/2 - 6*k**2 - 927*k - 2. Calculate v(a).
3
Suppose p + 4*p = n - 5, 4*n - 5*p = 5. Let u(b) = -b**2 + 6*b - 3. Let f(l) = -4*l**2 + 31*l - 16. Let z(y) = f(y) - 5*u(y). What is z(n)?
-1
Let v(u) = -3*u**2 + u + 4. Suppose -18*n + 19*n = 9. Suppose 7*x = 4*x - n. Give v(x).
-26
Let r(l) = -51*l**3 + 46. Let w(y) = -y**3 + 15. Let i(z) = r(z) - 3*w(z). What is i(-1)?
49
Let f(a) = -117228*a + 6*a**2 - 4 - 2 + a**3 + 117231*a. Give f(-4).
14
Suppose 3*x - 5*p = -3*p - 10, -2*x + 2 = 3*p. Let v(a) = 12*a**2 + 17*a - 5. Let k(l) = 3*l**2 + 4*l - 1. Let n(h) = x*v(h) + 9*k(h). Calculate n(-1).
2
Suppose -532 = 59*s + 56*s + 1078. Let n(z) = -z**3 - 17*z**2 - 42*z - 7. Give n(s).
-7
Let b = 7 + -11. Let y be (-10)/(-15)*42/b. Let x(u) be the second derivative of u**4/12 + 2*u**3/3 - 9*u**2/2 - 90*u. Give x(y).
12
Let l = -30 + 46. Let h = 13 - l. Let j(d) = 3*d - 246 + 0*d - d**3 + 244. Determine j(h).
16
Suppose -3 + 41 = 16*m + 70. Let u(j) = 20*j + 11. Calculate u(m).
-29
Let r(n) = n**2 + 6*n - 8. Suppose 5*j = x - 27 - 20, -5*j - 255 = -5*x. Let i be (-30)/(-45) - x/6. Give r(i).
8
Suppose -4*t - 5*m + 74 = 0, -3*t = -5*m - 2 - 36. Suppose 8*o + 72 = t. Let r(d) = d**3 + 6*d**2 + 10. Determine r(o).
-39
Let h be (-315)/14*-4*(-5)/(-10). Let z(o) = 12*o - 9 + 28*o - o**2 + 0*o**2 - h*o. Determine z(-8).
-33
Suppose -21*n + 122 = 38. Suppose n*p - 6 = 6. Let x(j) = j - 3. Calculate x(p).
0
Let c(u) = -1 - u - 2 + 0*u. Let l(n) = -7*n**3 + 318*n**2 + 516*n + 38. Let d be l(47). Determine c(d).
6
Let d(f) = 5*f**3 + f + 1. Let j(b) = -b + 1. Let l(a) = 9*a - 109. Let k(p) = -2*j(p) + l(p). Let o be k(10). Give d(o).
-5
Let w(u) = 144*u + 590. Let t be w(-4). Let s(q) be the second derivative of -t*q - 1/12*q**4 - 3/2*q**2 + 0 - 1/6*q**3. Give s(0).
-3
Let l(i) = 9*i - 117*i - 117 + 97*i. What is l(-12)?
15
Let m(v) = -v**3 + 7*v**2 - 2*v + 5. Suppose 2*z + 0 - 8 = 0. Suppose -7*y + 111 = -z*y. Suppose -3*d = -2*q - 0*d + 26, 4*d + y = 3*q. Determine m(q).
-9
Let o(q) be the first derivative of 8*q**2 - 14*q + 2121. What is o(3)?
34
Let y(a) = 0*a - 21*a + 3*a - 2 + 39*a - 5. Determine y(1).
14
Let u(v) = v**2 - 1 - 23*v - 30*v + 73*v - 22*v. Suppose 12 = 3*k, 0 = -m + 5*m + 4*k - 36. Calculate u(m).
14
Let a(j) be the third derivative of j**5/60 - j**4/8 + 4*j**3/3 + 56*j**2 - 11*j + 2. Determine a(7).
36
Suppose m + 351 = -2*z - 192, 542 = -m - 3*z. Let c = 544 + m. Let i(f) = -f**2 - 4*f - 2. Determine i(c).
1
Let y(p) = 23*p**2 - 8*p - 21*p**2 - 2*p**2 + p**2 - 8. Calculate y(7).
-15
Let u(d) = d**3 - 14*d**2 + 25*d - 11. Let m be u(12). Let y(n) = 14*n**3 + 2*n**2 - n - 1. What is y(m)?
14
Let z(h) = -2*h**2 - 65*h + 104. Let i be z(-34). Let c(w) be the third derivative of -5*w**4/12 + w**3/6 - 67*w**2. Calculate c(i).
-19
Let h(y) = -3 - y**2 + 3*y**2 + 8 + 9*y**2 + 2*y - y**3 - y. Let a(t) = -t**3 + 12*t**2 + 2*t + 5. Let b(x) = 4*a(x) - 5*h(x). Give b(7).
16
Let f(t) be the third derivative of 7*t**6/360 + t**5/60 + t**4/24 + 17*t**3/2 + 16*t**2. Let l(c) be the first derivative of f(c). Calculate l(-1).
6
Let y(w) = -w**2 - 3*w + 18. Let o(v) = -7*v + 3. Let b be o(0). Let m be y(b). Let a(z) = -z**2 + z + 29. Give a(m).
29
Let c(w) = 16*w - 13. Let m(a) = -2*a - 1. Let x(k) = 7*k - 11. Let y(n) = -2*m(n) + x(n). Let u(g) = -5*c(g) + 7*y(g). What is u(6)?
-16
Suppose 2*y - 50 + 8 = 0. Suppose -2*c - 21 = -y. Let p(m) = -3*m**3 - 5*m - 4. Let h(w) = -2*w**3 - 3*w - 3. Let x(o) = -8*h(o) + 5*p(o). Determine x(c).
4
Let d(c) = c**3 - 34*c**2 - 34*c - 19. Let o be d(35). Suppose -4*g - 40 = -5*a, -g + a = -5*g - o. Let l(v) = v**3 + 4*v**2 - 7*v - 2. Determine l(g).
8
Let r(z) = -3*z + z**2 + 2 + 0*z - 5*z + z. Let m = 10 - 6. Let t be 7/m*(4 - 0). What is r(t)?
2
Let a be (5/4)/((-2)/(-8)). Let s(u) = 239*u - 238*u - 54 + 55. Calculate s(a).
6
Let s = -5421 - -5458. Let v(l) = l**3 - 36*l**2 - 42*l + 186. Determine v(s).
1
Let v(t) = t**3 - 9*t**2 - 1. Let b = 262 + -258. Suppose 4*n = b*f + 28, -2*n - 3*n = -4*f - 37. Calculate v(n).
-1
Let u(j) = 4*j + 8. Suppose 0 = -874*o + 864*o. Give u(o).
8
Let q(d) = -d + 3. Suppose -4*m = t - 4, 0 = -3*t + t. Suppose 4*v + 300 = 2*r + 328, -2